v**2 - 65*v - 15. What is y(z)?
7
Let c(s) = 0 + 2 + 0 - s. Let x be (-12 + 124)/(-8) - -19. What is c(x)?
-3
Suppose 0 = -123*k + 128*k - 30. Let r(t) = -2 - k - t**2 + 3*t + 5 + 2*t**2. Determine r(-5).
7
Suppose 3*a + 42 = 45. Suppose a = 2*h - l + 2*l, -5*h = -5*l + 5. Let p(b) = b**3 - b**2 + b + 11. Determine p(h).
11
Let r(f) = 7*f**2 + 61*f - 1. Let v(o) = 13*o**2 + 114*o - 3. Let u(a) = 11*r(a) - 6*v(a). Give u(-15).
-23
Suppose 4*o + 10 = -5*a - 0*o, -2*o = -2*a - 4. Let l(k) = k + 10. Let y be l(-8). Let p(f) = -3*f - 2 + 2 - 2*f**y. What is p(a)?
-2
Let s(l) = 33*l + 11. Let z(b) = 369*b + 126. Let j(a) = -45*s(a) + 4*z(a). Calculate j(2).
-9
Let u(z) = z + 4. Let a(b) = 16*b - 7. Let c be a(2). Let v be 276/14 - (-6)/21. Let d = c - v. Give u(d).
9
Suppose -646*o - 368 = -669*o. Let d(c) = 6*c + 43. Calculate d(o).
139
Let c(y) be the second derivative of -y**3 - 51*y**2/2 + 2616*y. Give c(-5).
-21
Suppose 12*g + 223 - 66 = -107. Let p(h) = h**2 + 25*h + 54. What is p(g)?
-12
Let j(o) = -100*o - 267. Let y(l) = 149*l + 395. Let m(p) = 8*j(p) + 5*y(p). Determine m(-3).
4
Let f(o) be the second derivative of o**4/4 + o**3/6 + o**2 - 3267*o + 1. Let k = -2 + 0. Determine f(k).
12
Let t(k) be the second derivative of -k**5/24 - k**4/12 - 28*k**3/3 - 26*k. Let f(a) be the second derivative of t(a). Calculate f(2).
-12
Let m(p) = -p**3 + p**2 + 4*p - 3. Let y be m(3). Let f be 16/(-3) + (-3)/y. Let k(d) be the third derivative of -d**4/8 - d**3/3 - d**2 + 45. Determine k(f).
13
Let k be 1*(-6 - (-6 + 2)). Let o be ((-6)/(-27)*3)/(k/(-9)). Suppose -3*j = -21 - o. Let t(w) = -w**2 + 8*w - 1. Give t(j).
-1
Let h(w) be the first derivative of w**4/4 - 4*w**3/3 + w**2 + w - 1478. Suppose -4*p + 2*p + 20 = 0. Suppose -j = -4*s + p, s + 3 = 4*s - 3*j. Give h(s).
-2
Suppose -1 = 4*b - 9. Let y(g) be the second derivative of 198*g + 5/6*g**3 - 2*g**2 + 0. Calculate y(b).
6
Let c(x) be the third derivative of -5*x**4/12 - 35*x**3/6 - 3*x**2 + 134. What is c(-11)?
75
Suppose -5*n = 3*q + 1, -4*n - q - q = 0. Suppose -n = 4*c - 3*c. Let k(s) be the first derivative of -2*s**3 - s**2/2 - s + 15375. Determine k(c).
-6
Let n(o) = o**2 + 3*o - 2. Let h(c) = c**2 - 56*c + 348. Let x be h(54). Suppose 0*r = 48*r + x. What is n(r)?
8
Suppose -2*l + 6 = l. Suppose -14*p + 1663 = 1635. Let m(w) = -p*w**2 - l*w**3 - 7099*w + w**3 + 7101*w + 3. Determine m(-3).
6
Suppose 6*z = 24 + 12. Let l(n) = 7*n + 4*n + 4 - z*n - 6*n. Give l(-6).
10
Let m = 127 + -143. Let r(s) = -s**3 - 16*s**2 + 2*s - 3. What is r(m)?
-35
Let h(w) = w - 10. Let p = 1900 + -1903. Determine h(p).
-13
Let b(u) = 11*u**2 + u. Let s(p) = p**3 - 16*p**2 + 16*p - 16. Let m(v) = v**3 - 8*v**2 - 5*v - 21. Let r be m(9). Let q be s(r). Determine b(q).
10
Let q(m) be the second derivative of -m**3/3 + 7*m**2 + 5953*m. What is q(-16)?
46
Let t(v) = 3*v + 7*v + 17 - 9*v. Calculate t(-11).
6
Let c(k) be the first derivative of k**4/4 - k**3/3 - 3*k**2/2 + 8*k + 5088. What is c(-4)?
-60
Let v(a) = a**2 - 5*a - 1. Let p(b) = -b**3 - 53*b - 24. Let l(z) = p(z) - 8*v(z). Give l(-6).
-10
Let l(z) = z**2 - 9*z - 7. Suppose -4*p + 12*d + 311 = 7*d, -142 = -2*p - 2*d. Suppose -81*f + 56 = -p*f. Determine l(f).
-15
Let c(k) = 12*k - 33. Let q(d) = -4*d + 9. Let b(v) = 2*c(v) + 7*q(v). Suppose 10*y = 5*y - 15. What is b(y)?
9
Let n(l) = l**2. Let a be n(3). Suppose 4*q + 25 = a*q. Let g(h) = h + 7. Let f(t) = t + 6. Let y(i) = q*f(i) - 4*g(i). Calculate y(-8).
-6
Let v = 721 - 715. Let l(o) = -443*o + v - 3 - o**2 + 439*o. Determine l(2).
-9
Let a(k) = 5*k**3 - 3*k**2 + 3*k - 13. Let x(t) = 15*t**3 - 9*t**2 + 8*t - 34. Let g(q) = -8*a(q) + 3*x(q). Determine g(3).
110
Let y(v) be the first derivative of 7*v**3/3 + 4*v**2 + 7*v - 5825. Give y(-2).
19
Let c(x) = -x**3 - x**2 + 73. Suppose -3*f - 11 = 5*l + 14, 2*l + 10 = -2*f. Determine c(f).
73
Let b(s) = 15*s - 171. Suppose 51*v - 48*v = 4*l - 44, 2*l - 3*v - 22 = 0. Determine b(l).
-6
Let f(v) be the third derivative of 0*v + 0 - 1/6*v**4 - 2*v**2 - 1/60*v**5 + 1/2*v**3. Let w = 883 + -888. Calculate f(w).
-2
Let z = -512 + 591. Suppose 21*x + z = -68. Let p(h) = -h**3 - 6*h**2 - h - 1. Calculate p(x).
55
Suppose 0 = 4*o - 3*m - 2059, 0 = -2*o + 4*m - 390 + 1432. Let r(p) = 252 - o + 260 - p**2. Give r(0).
1
Let z(j) = -2*j - 7. Suppose 0 = -4*b - 3*u + 375, -b + 20 = -4*u - 88. Suppose -95*c + 5 = -b*c. What is z(c)?
3
Let m(p) be the first derivative of -81*p**2/2 + 491*p - 852. Determine m(6).
5
Let v = -15 - -16. Let s(u) = -148 + 2*u + 24*u**2 - 2*u + 71 + 76. What is s(v)?
23
Let v(y) be the second derivative of y**5/60 - y**4/2 - 11*y**3/6 - 3*y**2/2 + 42*y. Let w(r) be the first derivative of v(r). What is w(13)?
2
Let d(z) = -z**3 + 2 - 9*z + 6 + 7*z**2 + 0*z. Suppose 2*r - 3*j = -1, -3*r + 114 = 3*j + 108. Let v(l) = 7*l**2 - 3*l + 2. Let o be v(r). Calculate d(o).
-10
Let q(m) = -26168*m + 4*m**2 - 4 + 26170*m - 3*m**2. Suppose -i + 18 = -4*t, 3*i - 1 - 1 = -t. Suppose 3*u + 6 = -3*l, 0 = -u - 0*l - i*l - 7. Determine q(u).
11
Let x = -3 + 7. Suppose x*v - 331 = 741. Let l(w) = w - v + 268. Calculate l(-3).
-3
Suppose 0 = -4*t - q + 14, 3*t - 4*q - 4 = -t. Let i(h) = -7*h + 1 + 0*h - 3 + t*h. Suppose -194*v + 211*v + 51 = 0. Give i(v).
10
Let h(a) = 4*a - 1. Let q(r) = -8*r + 24. Let l be q(-7). Let v be (-13)/((-28)/70 - (-42)/l). Let g = v - -101. Give h(g).
-13
Let n be (1 + -4 + 4)*78. Let y(m) = 40 + 37 - n - 2*m. Give y(4).
-9
Let l(h) = 1033*h**3 + 22*h - 1032*h**3 - 11*h**2 - 6 - 15 + h - 11*h**2. Determine l(21).
21
Let v(f) = f**2 - 8*f + 8. Let m be v(6). Let u = 3 + m. Let y(s) be the first derivative of s**4 - s**3/3 + s**2/2 + s + 3914. Give y(u).
-5
Let x(b) = b**2 + 2*b - 1. Suppose -5*w - 7*a = -2*a, -a - 3 = -2*w. Let c be w/(0 - (-1)/3). Calculate x(c).
14
Let z(v) = -v**3 + 17*v**2 - 29*v - 10. Let g be z(15). Let n(j) be the third derivative of -j**6/120 + 2*j**5/15 - j**4/3 + j**3/2 - 7*j**2 - 10. Give n(g).
38
Let n(u) = -136 - 9*u - 84 - 10*u + 13*u. Determine n(-37).
2
Let a(d) = -8*d**2 + 50*d + 7. Let b be a(6). Let i(j) = -3*j**2 - 6 + 9 - 21*j - 2*j**2 + b*j. Determine i(2).
-21
Let v be 1*(0 + -1)*91. Let t = -88 - v. Let c(s) = -6 + 13 + s**t - 6*s**2 + 5*s**2. Give c(0).
7
Suppose 12*z - 608 = 16. Let v = z + -46. Let d be 4/((-20)/(-25)) - v. Let y(i) = -3*i**3 - i**2 - i - 1. Determine y(d).
2
Suppose 0 = -5*m - 3*x - 24, 0 = 3*m + 3*x + 6. Let t(i) = 3*i + 6. Calculate t(m).
-21
Let k(z) = -3*z**2 + 0*z**2 + 0*z**2 - 4*z + 2*z**2. Let t be k(-4). Let o(r) = -r + 7. Let y(x) = -x - 2. Let s(i) = -o(i) + 2*y(i). Determine s(t).
-11
Let r = -3771 + 3756. Let h(c) = 4*c - 3. What is h(r)?
-63
Let k = -9270 - -9294. Let p(t) = t - 8. Give p(k).
16
Let i(z) = -z**3 + 3 + 4*z - 9*z + 0*z**3 + 5*z**2. Suppose -475 + 19 = -6*t. Suppose -38*u = -t - 38. Give i(u).
6
Let s(w) be the third derivative of -w**5/60 + 3*w**4/8 - 11*w**3/3 + 9*w**2 + 36. What is s(7)?
-8
Suppose f - 3*m - 49 = 0, -4*m - 14 = 5*f - 202. Suppose -3 = -39*w + f*w. Let g(s) = 4*s + 4. Give g(w).
-8
Let m(w) be the first derivative of 3*w**4/2 - w**3/3 + w**2 - w + 3. Suppose 2*y = -2*l - 138, 3*l + 262 = -4*y + 6*l. Let r = -66 - y. Calculate m(r).
6
Let f(x) = x**2 + 10*x. Suppose 5*c = 2*c - 6, 4*q - c - 1346 = 0. Let l = -346 + q. Determine f(l).
0
Let s(m) = -m**2 - 19*m - 62. Let d be s(-5). Suppose 2*o - 10 = -4*q, 0*q = 4*o + 5*q - d. Let b(z) = z**3 + 3*z + 4. Calculate b(o).
-32
Let l(g) = -6*g + 4*g + 0*g + 3 - 3552543*g**2 + 3552545*g**2 + 18. Calculate l(7).
105
Let q be ((-3)/6)/(2/(-644)). Let m = q + -164. Let u(i) = -i - 3. Calculate u(m).
0
Let d(x) be the second derivative of x**4/12 - x**3/2 + 3*x**2/2 - 1317*x. Let u = 33 - 30. Determine d(u).
3
Suppose -3*d - 18 = -6*d. Let f(h) = -8*h**2 + h**3 + 11*h + 0 - d - 7*h - 3*h. Suppose 10 = -k + 3*o + 3, 4*o = -5*k + 60. Determine f(k).
2
Suppose 19*f = 15*f - 12, 5*f = 3*s - 15. Suppose 17*l + 69 + 135 = s. Let d(i) = i**3 + 13*i**2 + 12*i + 1. Determine d(l).
1
Let k(w) = 12*w + 288. Suppose 72 = -3*m + s, -24*m + 29*m = 2*s - 120. What is k(m)?
0
Let j(p) = -5*p - 3. Let l(g) = 8*g - 45. Let z be l(6). Let k(v) = 14*v + 8. Let t(c) = z*k(c) + 8*j(c). Give t(8).
16
Let h(d) be t